**2 + 10*v - 25 + 4. Calculate d(h).
-1
Let g(y) = 8*y**2 - 22*y + 41. Let j(c) = 9*c**2 - 24*c + 39. Let u(o) = -7*g(o) + 6*j(o). Let t(w) be the first derivative of u(w). What is t(3)?
-2
Let h(n) = -2*n**3 + n**2 - n + 1. Let o(w) be the third derivative of 11*w**6/120 - w**5/60 + w**4/24 - w**3/6 + 69*w**2. Let d(p) = 6*h(p) + o(p). Give d(5).
-20
Let t(w) = -9*w + 4*w**2 + 10*w**2 - 3*w**2 - w**3 - 2. Let a(l) = -l**2 - 13*l + 90. Let d be a(-13). Suppose 358*c - 349*c - d = 0. Determine t(c).
8
Let g(n) be the third derivative of n**5/20 + 25*n**4/8 + 73*n**3/6 - 2263*n**2. What is g(-24)?
1
Let d(k) be the third derivative of -14*k**2 - 1/8*k**4 + 0*k + 0 + 1/3*k**3 - 1/60*k**5. Suppose -q = q - 4. Determine d(q).
-8
Suppose -a = -i - 14, 11*i - 3*a + 51 = 7*i. Let d(u) = -u**3 + u**2 - u - 1. Let h(b) = -5*b**3 - 6*b**2 - 11*b - 1. Let z(n) = 4*d(n) - h(n). Calculate z(i).
15
Let c = -12 + 11. Let n(a) = -17*a**2 - 124*a + 7. Let d(y) = -34*y**2 - 269*y + 15. Let h(s) = 6*d(s) - 13*n(s). What is h(c)?
18
Let i(u) = -u**3 - 17*u**2 + 21*u + 11. Let c(g) = -5*g**3 - 84*g**2 + 87*g + 44. Let n(k) = 2*c(k) - 9*i(k). Give n(-14).
3
Let n(y) = y**3 + 5*y**2 - 11*y - 18. Suppose 0 = 3*d + t + 21, -3*d = -2*t + 10 + 2. Calculate n(d).
12
Suppose 0 = -3*c + 8*c - 15. Let z(p) = 13 + 0*p**3 + 2*p + 2*p**c - 3*p**3 + 11*p**2 - 14*p + 0*p. What is z(10)?
-7
Let q(l) be the first derivative of -l**3/3 + 9*l**2/2 - l - 9. Suppose -9*v + 88 = -83. Let z = 26 - v. Determine q(z).
13
Let q(p) = 8 - 4 + 0 - 12*p**2 - 1 + 13*p**2 + 14*p. Give q(-6).
-45
Let d(b) = b**2 - 69*b - 348. Let p be d(-5). Let z(n) = n**2 - 19*n - 59. Calculate z(p).
7
Let v(r) = -20*r**2 + 15*r - 36. Let k(t) = -14*t**2 + 8*t - 19. Let s(f) = -5*k(f) + 3*v(f). Calculate s(2).
37
Let k(g) be the first derivative of -g**3/3 + 21*g**2/2 - 43*g - 47. Let c be k(18). Let v(u) = -u**3 + 10*u**2 + 11*u - 2. Calculate v(c).
-2
Suppose 2*i = j - 7, 0 = -3*j + 3*i - 8 + 17. Suppose -5*q = -1 - 4. Let m be 1 + q*(-2)/j. Let y(f) = f**3 - 3*f**2 + 2*f. Calculate y(m).
6
Let j = -194 + 228. Suppose -j*z = -4*z. Let h(g) = -g + 7. Give h(z).
7
Let i = -899 + 905. Let g(o) = o**3 - 5*o**2 - 3*o - 17. Give g(i).
1
Suppose 12*g + 109 = 17*g + 4*a, -3*a = -3. Suppose -49*t = -52*t - g. Let x(n) = -n**3 - 7*n**2. What is x(t)?
0
Let h = -2 + -6. Suppose -4*m + 0*m - 20 = 0, -15 = -v + 2*m. Let l(b) = 5 - 8*b**2 + b**2 - v*b + 6*b**2 - 3*b. Calculate l(h).
5
Let l(x) be the second derivative of x**5/20 + 7*x**4/12 + x**3/6 - 2*x**2 - x - 1103. What is l(-5)?
41
Let c be (6/(-4) - 0)/(102/(-136)). Let x(s) = 265*s**2 - 132*s**2 - 132*s**c + 3*s. Give x(2).
10
Let l(j) = -j**2 - 9*j - 7. Let i be l(-9). Let t(w) = 35*w**2 + 84*w**2 + 79*w**2 - 199*w**2 + 3 - 6*w. Calculate t(i).
-4
Let f = 129 - 95. Let q(u) = -u**2 - 16*u - 18. Let n be q(-14). Suppose -4*w - n = w - y, 0 = -3*w - 5*y - f. Let i(d) = d**3 + d**2 + 4. Calculate i(w).
-14
Suppose -g = -2*h - 5, -48 + 45 = -g + 3*h. Let i(o) = 5*o + 1. Let n(r) = -11*r - 2. Let z(b) = -13*i(b) - 6*n(b). Give z(g).
8
Let f be 13/((-91)/18)*-35. Let x(h) = -f + 12*h**2 + 90 - h. Suppose 2*t - 125 = -127. What is x(t)?
13
Let c(a) = -4*a + 469. Let y(t) = 246. Let v(u) = -c(u) + 2*y(u). Give v(-4).
7
Let a(z) = -64*z + 387. Let f be a(4). Let j = 442 + -316. Let x = f - j. Let o(i) = -i**3 + 6*i**2 - 5*i + 1. Determine o(x).
1
Let b(l) = 2 - l + 0*l**3 - 3*l**3 + 5*l**3 - 3*l**3. Let f = -22 - 162. Let h = f - -184. Give b(h).
2
Let k(v) = -v**2 - 10*v - 15. Let g be k(-3). Suppose -5*n = -7*n - g. Let d be -5 - ((-22)/(-6) + n)*-3. Let y(p) = p**3 + p**2 - 2*p + 4. Determine y(d).
-8
Let r(y) = -7*y - 4. Suppose 123 = -49*n + 319. Suppose -n*g + 4*q + 40 = 0, q - 3*q = -3*g + 26. Give r(g).
-46
Let h(z) be the third derivative of 5*z**4/24 - z**3/3 + 11*z**2 + 22*z - 13. Let o(f) = f + 2. Let b be o(-6). Determine h(b).
-22
Let s be 2*1/(-6) - (-1060)/(-159). Let l(n) = -8*n**3 + 7*n**2 + 4*n - 8. Let j(v) = 7*v**3 - 7*v**2 - 3*v + 8. Let y(h) = s*j(h) - 6*l(h). Determine y(6).
10
Let a(i) = -i**3 - 7*i**2 + 30*i - 12. Let v be 15/(-4)*64*24/576. Give a(v).
-12
Let r(d) be the third derivative of d**4/24 + 2*d**3 + 413*d**2. Suppose 45 = -2*c - 3*x + 12, c + 18 = -3*x. What is r(c)?
-3
Let f(q) = -q - 10. Let j be f(-5). Let g(w) = -423*w**3 + 1 + 1743*w**2 - 7 - 1748*w**2 + 422*w**3. Determine g(j).
-6
Let y(j) = 52*j**2 + 41*j - 95. Let m(l) = -15*l**2 - 13*l + 32. Let v(p) = 7*m(p) + 2*y(p). What is v(-11)?
12
Suppose 2*o = -5*o - 26*o - 165. Let z(i) = -4*i**2 - 4*i + 4. Determine z(o).
-76
Let t(f) be the third derivative of f**4/12 - f**3/6 - 6*f**2. Let o be (4 + -12 + 4)/((-1)/4). Suppose -7*u + 5*r = -3*u + 4, o = -4*r. Give t(u).
-13
Suppose 0 = -13*d - 93 + 197. Let l(i) = 13 + i**2 - 16 + 6 - 8*i. What is l(d)?
3
Let n(a) be the third derivative of -a**6/120 - a**5/12 + 2*a**3 + 7*a**2 + 42. Calculate n(-4).
-4
Suppose 116*x = -78 + 219 + 1019. Let c(v) = -12*v + 129. Determine c(x).
9
Let f(a) = -9*a + 52. Let x be -11 - 3*266/(-42). Calculate f(x).
-20
Let b(k) = 4*k**3 - 2*k**2 + 5*k + 9. Let t be b(3). Let l = -114 + t. Let j(z) be the first derivative of -z**4/4 - z**3/3 + 6*z + 2. Calculate j(l).
6
Let q = 82 + -331. Let p = q + 254. Let w(d) = -d + 12. Determine w(p).
7
Let u(i) = -i**2 - 32*i + 177. Suppose -3646*a = -3682*a - 1887 + 555. What is u(a)?
-8
Let p(l) = -7*l + 3 - 2 - l**2 - 5. Suppose 3*o - 20 = -5*g + 45, -4*g - 3*o = -55. Suppose 105 = -25*t + g*t. Give p(t).
-4
Let f(d) = 8*d**2 + d. Suppose -4*v = 0, 3*v = 3*w - 0*v - 15. Suppose -12 = -5*k + 7*k - w*c, 8 = 4*c. Calculate f(k).
7
Let j(t) = 2*t + 4. Suppose -a + 13 = 9. Suppose -2*o - 3*m = -a*m - 10, 0 = 3*o + 3*m - 33. Suppose -o*k + 6*k = 3. Calculate j(k).
-2
Let z(u) = -u**3 + 6*u**2 - 5*u + 27. Let b be z(6). Let r be (-16 - -12) + 1*b + 5. Let l(o) = o**2 + o + 4. What is l(r)?
6
Suppose -147*m - 143*m = -292*m + 12. Let y(c) = -7*c - 16. Calculate y(m).
-58
Let a(j) = j**3 - 5*j**2 - 2*j - 11. Let f be 19/4 - (4/(-6))/((-176)/(-66)). What is a(f)?
-21
Suppose 0 = -12*b - 8*b - 6*b. Let k(j) = 0 - 1 + b - 21*j + 22*j. Determine k(0).
-1
Let m(p) = 2*p**2 - 60*p + 206. Let y be m(4). Let g(v) = -v**3 - 2*v**2 - 3*v - 2. Determine g(y).
4
Suppose 0 = 2*f - 2*d - 1120, -d = 80*f - 82*f + 1118. Let a = f + -564. Let i(o) = o**3 + 5*o**2 - 4*o + 5. Give i(a).
-7
Suppose -2 + 0 = 2*t, 0 = 3*x - 2*t + 40. Let v = x + 17. Let w(d) = 278*d + 3*d**2 - 1 - 278*d - d**v. What is w(3)?
-1
Let d(t) be the third derivative of t**6/120 - t**4/12 + 4*t**3 + 28*t**2 + 23*t. What is d(0)?
24
Let p(u) = u**2 - u - 6. Let o = -394 + 398. Let h be p(o). Let l(s) = -s**3 + 5*s**2 + 3*s + 6. What is l(h)?
-12
Let z(o) be the second derivative of -o**5/20 + o**4/4 - o**3/6 + o**2 + 1632*o - 3. Determine z(2).
4
Let n be 318/546 - 2/13 - (-268)/28. Let f(d) be the second derivative of -d**5/20 + 5*d**4/6 - d**3/6 + 5*d**2/2 - 5*d. What is f(n)?
-5
Let b(j) = -j**2 - 6*j + 8. Let m(i) = 5*i**2 + 16*i + 11. Let l be m(-3). Let p be 6/(-4)*8/12*l. Determine b(p).
-8
Suppose 0 = 1013*m - 1072*m - 590. Let l(k) = -6*k - 73. Calculate l(m).
-13
Let u be (-6)/4 + 150/20. Let m(q) = -q**2 + 7*q - 2. What is m(u)?
4
Let c = -47 + 49. Let r(t) = 3*t + 1. Calculate r(c).
7
Let f(g) = 11*g**2 - 4*g - 23. Let k(a) = -2*a**2 + a - 1. Let l(v) = -f(v) - 5*k(v). Let w = -769 - -769. Give l(w).
28
Let q(b) = -b + 17. Let l(c) = -6*c - 8. Let s(m) = l(m) - 3*q(m). Calculate s(-23).
10
Let p(d) = -18*d + 6. Let t = -11048 + 11045. Give p(t).
60
Let d be 1 + 7 - 3 - (-4)/(4/(-13)). Let a(m) = m**2 + 3*m - 18. Determine a(d).
22
Let w = 37821 - 37815. Let u(v) = -5*v + 29. Determine u(w).
-1
Let z(m) be the second derivative of m**5/20 - 7*m**4/12 + 3*m**3/2 - 3*m**2/2 + m + 150. What is z(6)?
15
Let u(q) = -52193 + 104362 - q**2 + 24*q - 52304. What is u(14)?
5
Suppose -889*s - 2*i + 80 = -894*s, -2*s - 23 = i. Let f(p) = -p - 41. Give f(s).
-27
Let c(y) = -8 - 31 + 84 - 18 + y. Determine c(-24).
3
Let l(g) = -g**3 - 2*g**2 - 14*g + 3. Let a(m) = -m**3 - m**2 - 15*m + 2. Let b(w) = 6*a(w) - 7*l(w). Let x = 468 + -160. Suppose -x = -20*s + 64*s. Give b(s).
-16
Let z(b) = 793*b - 291*b - 497*b + 52. W